ors of (-46)/m + 2/8.
2, 3
Let c = -94 - -257. What are the prime factors of c?
163
Let h(o) = o**2 - 2*o - 5. Let q be h(-4). Let v = 34 - q. What are the prime factors of v?
3, 5
Let n(x) = 7*x - 2. Suppose z + 2 = -3*t + 1, 3 = -3*t. List the prime factors of n(z).
2, 3
Let j(a) = 4*a + 2. Suppose -z - z = -8. List the prime factors of j(z).
2, 3
Suppose -2*v + 2 + 6 = 0. List the prime factors of v.
2
Let f be 65/(-2) + 1/(-2). Let l be f*1*(-3)/9. Let j = -7 + l. What are the prime factors of j?
2
Let a(v) be the third derivative of -v**4/24 - 11*v**3/6 - 2*v**2. What are the prime factors of a(-13)?
2
Let i(u) = u**3 + u**2 + u. List the prime factors of i(2).
2, 7
Let v = 88 + -34. List the prime factors of v.
2, 3
Let z(j) = -j**3 - 6*j**2 + 7*j. Let l be z(-7). Suppose l = h + 3 - 7. What are the prime factors of h?
2
Let c be 52 + (5/(-1) - -3). Let p = 0 + c. List the prime factors of p.
2, 5
Let o(t) = t - 2. Let b be o(8). List the prime factors of 0 - 0 - (-13 - b).
19
Let l(v) = -v + 3. Let j be l(6). Let z = 13 - 8. List the prime factors of z/(j/(6/(-2))).
5
Suppose -23 = p - 59. What are the prime factors of p?
2, 3
Suppose 0 = 3*s + s - 100. List the prime factors of s.
5
Let m(t) = 0*t - 17*t - 1 + 2*t. Let x be m(-1). Suppose 0 = 3*k - x + 2. What are the prime factors of k?
2
Let s = 253 - 40. List the prime factors of s.
3, 71
Let x(c) = 6*c + 78. What are the prime factors of x(26)?
2, 3, 13
Let p(q) = q + 2. Let b(s) be the second derivative of s**4/12 + 2*s**3/3 - 3*s**2/2 - 4*s. Let u be b(-6). List the prime factors of p(u).
11
Suppose 0*u = -u - 9. Let p = 14 + u. List the prime factors of p.
5
Suppose -4*s - 4*m = -9*m - 7, -m - 14 = -5*s. Let i = 2 + s. Suppose -r + 1 = -i. List the prime factors of r.
2, 3
Suppose 4*n - 5*n = -41. List the prime factors of n.
41
Suppose 2*c + 12 = 4*c. Suppose -2*k + c = -k. List the prime factors of k.
2, 3
Let t(i) = 3*i + 10*i - i**2 - 6 - 2. List the prime factors of t(11).
2, 7
Suppose 2*a + 4*s - 12 = 0, 3 = -5*a + 5*s - 4*s. Suppose -5*t + 7*t - 6 = a. What are the prime factors of t?
3
Let j(g) = -1 - g + 7*g - 4*g + 0 + 8*g**2. What are the prime factors of j(1)?
3
Suppose 1 = 2*c - 5. Let k(m) = -m**3 - 2*m**2 - 4*m - 2. Let h be k(-2). Suppose h = q + c. List the prime factors of q.
3
Let y(a) = a**3 + 7*a**2 - 1. Let o be y(-4). Let b = o - 29. What are the prime factors of b?
2, 3
Suppose -3*x - 5 = -4*m, 0 = -7*x + 2*x - 3*m + 40. Suppose -3*q + x*q - 12 = 0. Suppose 2*z + q = 4*c, -3*z - 3*c + 15 = -3. List the prime factors of z.
3
Suppose -5*i = -4*f - 10, 10 = 5*i - 3*f + 2*f. Suppose 12 = d - 3*n, i*d + 2*n - 30 = 2. What are the prime factors of d?
3, 5
Let f = 4 + 5. Let v(y) = -y**2 - y + 13. Let i be v(0). Let u = i - f. What are the prime factors of u?
2
Suppose 0*r = 2*r + 52. Let m be r/(-7) - (-2)/7. What are the prime factors of (-52)/(-9) - m/(-18)?
2, 3
Let r be (9/6)/(6/16). Let g = 8 - r. What are the prime factors of g?
2
Let k = -125 + 206. List the prime factors of k.
3
Let a = -29 - -21. Let n = a + 8. Suppose n = -5*t - 10 + 60. What are the prime factors of t?
2, 5
Suppose 4*f = -k + 3*k - 6, 0 = -5*k - 5*f + 45. Let a = k - 1. Let t = 4 + a. List the prime factors of t.
2, 5
Let u = 237 + -112. List the prime factors of u.
5
Suppose y + 5*w + 14 = -6, 3*y + w - 10 = 0. Suppose y + 19 = 3*l. List the prime factors of l.
2
Let h = -16 + 4. Let x(k) = -k + 1. What are the prime factors of x(h)?
13
Let q(j) = -j**2 - 6*j - 3. Let k be q(-5). Let r be 63/6*(k - 0). Let p = r - 13. List the prime factors of p.
2
Suppose 75 - 4 = h. What are the prime factors of h?
71
Let r(c) = c**2 - c. Let l be r(-2). Let b be (-2)/3 - (-10)/(-3). Let v = l + b. List the prime factors of v.
2
Let g = -369 - -643. List the prime factors of g.
2, 137
Suppose -5*n + n + 8 = 0. Let h be 108/8 + (-1)/n. List the prime factors of (-1 - 1) + 4 + h.
3, 5
Suppose 0*l + 2*l + 24 = 4*j, -3*l - 5*j - 69 = 0. Let z = l - -54. Let s = -21 + z. List the prime factors of s.
3, 5
Let l = 7 - 6. Let v = 15 - l. What are the prime factors of v?
2, 7
Suppose 0 = -0*d + 3*d - 231. List the prime factors of d/3 + 8/(-12).
5
Let p = -10 - -19. Suppose 2*y - 4 = -3*v, 3*v - 5*y = -2*v + 15. Suppose k - p = -v. What are the prime factors of k?
7
Let l = -27 - -79. What are the prime factors of l?
2, 13
Let s(k) = 2*k**2 - 23*k - 8. List the prime factors of s(18).
2, 113
What are the prime factors of 110/9 + (-26)/117?
2, 3
Suppose -3*v + 2*x + 399 = 0, -3*x - 661 = -5*v - x. List the prime factors of v.
131
Suppose 3*u = -u - 4. List the prime factors of u/1*(-5 + -1).
2, 3
Suppose 4*b = k - 86, 2*b - 132 = -2*k - 0*k. List the prime factors of k.
2, 5, 7
List the prime factors of (72/(-3))/(6/(-48)).
2, 3
Suppose 0 = 4*r + j - 5*j + 216, j + 96 = -2*r. Let d = 71 + r. What are the prime factors of d?
3, 7
Suppose 4*s - 3 = -23, s - 171 = -4*l. What are the prime factors of l?
2, 11
Let a(i) = i**2 - 5*i - 2. Suppose -3*c = -2*k - 2*k + 111, 0 = k + 5*c + 1. Suppose -6 = -h - 0*h + 3*y, 3*y - k = -4*h. List the prime factors of a(h).
2
Let y(f) = 5*f**3 + 17*f**2 + 10*f - 12. Let k(n) = 4 - 3*n**2 - 2*n**3 - 5*n - 5*n**2 + 2. Let i(g) = 7*k(g) + 3*y(g). List the prime factors of i(6).
2, 3
Suppose -220 = 3*v - 6*v + 4*c, -147 = -2*v + 3*c. What are the prime factors of v?
2, 3
Suppose -3*u + 3 = 0, 3*l - 1 = 5*u - 6. Suppose l*n - 2*n + 8 = 0. Suppose n*a = -j + 27, 4*a - 15 = 2*a - j. List the prime factors of a.
2, 3
Suppose -3 - 1 = -2*d. Suppose -5*m + 5 = -g, -5 = g - 0. Suppose d*v - v - 19 = m. What are the prime factors of v?
19
Let k = 14 - 25. Let j = 4 - k. What are the prime factors of j?
3, 5
Suppose 0 = -5*y + 30 - 145. Let s = y + 47. What are the prime factors of s?
2, 3
Suppose 0 = -5*q + 5*u + 65, -4*u + 14 = 5*q - 24. Suppose -g = -7 - q. What are the prime factors of g?
17
Let m(p) = p - 2. Let u be m(4). Suppose -z = 3*w + 14, -u*z + 0*z = 3*w + 19. Let q = 6 + w. List the prime factors of q.
3
Let v(y) = -3*y + 58. List the prime factors of v(-27).
139
Let u = -2 - -7. Suppose -3*v + 2 = 11, 42 = 3*g + u*v. List the prime factors of g/7 + 2/7.
3
Suppose r = -5*u - 18, -26 = 4*u - 2*r - 3*r. Let c be (-1)/5 - u/20. Suppose c*o - 8 = -o. List the prime factors of o.
2
Let j(p) = p**2 + p - 3. Let a be j(-3). Suppose 2*c - 3*c = -a. List the prime factors of c.
3
Suppose 0 = 4*u - 21 - 11. Let i(f) = 5*f - 8. List the prime factors of i(u).
2
Let q = 15 - 8. Suppose 2*c - c - 8 = 0. Suppose c = 5*k - q. List the prime factors of k.
3
Suppose 328 + 85 = 7*a. List the prime factors of a.
59
Suppose -4*y - 36 = -0*t - 2*t, 4*y + 60 = 4*t. Let s be (-8)/t + 11/3. Suppose s*k = 0, 6 = r + 5*k - 5. List the prime factors of r.
11
Suppose -7*q - 2*q + 1953 = 0. List the prime factors of q.
7, 31
Let y = 46 + -28. Let c = -5 + y. What are the prime factors of c?
13
Suppose 3*u + 3*i = 42, 4*u - 96 = i + 3*i. List the prime factors of u.
19
Suppose -5*m = -2*m - 3. Suppose -57 = -4*h - m. Suppose 5*n = -0*n + 5, h = 5*a + 4*n. What are the prime factors of a?
2
Let u = -12 + 22. What are the prime factors of (-3 - u)/(3/(-6))?
2, 13
Suppose -924 = 2*p - 6*p. What are the prime factors of p?
3, 7, 11
Suppose -45 = -4*w - 17. Suppose -z - z + 5*k + w = 0, 3*z - 21 = 4*k. Suppose -j + 2 = 4*m, -j = -5*m - z - 0. What are the prime factors of j?
2, 3
Let t = -168 - -215. What are the prime factors of t?
47
Let z(s) = 2*s**3 - 4*s + 3. Let d(q) = q**2 + q + 2. Let o be d(0). List the prime factors of z(o).
11
Let y be (-38 + 39)/(-1 + 8/6). Let x(c) be the second derivative of c**4/6 - c**3/3 - c**2/2 + c. What are the prime factors of x(y)?
11
Suppose -4*s + u + 8 = -7, 3*s - 3*u - 18 = 0. Suppose -f + 24 = h, 0 = 5*h - 0*f - s*f - 80. List the prime factors of h.
19
Let f(y) = y**2 - 6*y - 3. Let x be f(7). Suppose 2*j - j = 3*z + 42, -x*j - 3*z + 108 = 0. What are the prime factors of j?
2, 3, 5
Let p(o) = 15*o**2 - 11*o - 4. Let r(j) = 4*j**2 - 3*j - 1. Let v(g) = 6*p(g) - 22*r(g). Let b be v(-2). List the prime factors of b + (1 - 1)/(-2).
2, 3
Suppose 3*y - 110 + 2 = 0. What are the prime factors of y?
2, 3
Suppose 3 = 5*h - 2*w + 23, 0 = -3*h + 5*w - 12. List the prim